ime factors of f.
2, 61
Suppose 0 = -a + 29 - 0. List the prime factors of a.
29
Suppose -39 - 9 = -4*a. Let b = a - -6. List the prime factors of b.
2, 3
Suppose -2*l = -l + 19. Let f = l + 10. Let x(i) = -i + 3. What are the prime factors of x(f)?
2, 3
Let h be 3/((-5)/2 + 2). Let p = h - -10. Suppose p*c - 2*c - 6 = 0. List the prime factors of c.
3
What are the prime factors of 10/(4/((-4 - -90) + -4))?
5, 41
Let p = 1 + 22. Let r = -13 + p. List the prime factors of r.
2, 5
Let x(q) = 8*q**2 - 11*q + 2 + 1 - 4 - q**3 + 3*q. What are the prime factors of x(6)?
23
Let n = 3 - 6. Let g be ((-9)/(-2))/(3/4). Let f = g + n. What are the prime factors of f?
3
Let r = -143 + 230. List the prime factors of (r/(-9))/(3/(-9)).
29
Let y = 1 - -2. List the prime factors of 9/(-6)*(-14)/y.
7
Let d(x) = x**3 + 6*x**2 + 5*x + 6. Let u(s) = -s**3 - s**2. Let a(m) = d(m) + 2*u(m). What are the prime factors of a(5)?
2, 3
Suppose 0 = q - 5*g - 3, -2*q = 3*g + 2*g - 21. What are the prime factors of q?
2
Let p(y) = -y + 4. Let m be p(3). Let a be m/(12/(-9))*-4. Suppose 6*h - a*h - 18 = 0. List the prime factors of h.
2, 3
Suppose -5*o - 30 = -0*o. List the prime factors of (-16)/o - 1/(-3).
3
Suppose 0*f + b = 4*f - 3, -4*b - 12 = f. Let o = f - -19. What are the prime factors of o?
19
Suppose -4*b = 2*s - 290, -5*s = -3*b - 2*s + 195. Suppose i + 4*i - b = 0. List the prime factors of i.
2, 7
Let i(d) = -d**2 + 4*d - 3. Let q be i(4). List the prime factors of 3*(-17 - 1)/q.
2, 3
Suppose 0*r + 4*g - 91 = -r, r + 5*g - 86 = 0. List the prime factors of r.
3, 37
Let d be (-68)/(-7) + (-6)/(-21). Suppose -r = r - d. List the prime factors of r.
5
Let d be (-8)/(-32) - 194/8. Let v = d - -40. List the prime factors of v.
2
Suppose 96 = r + 3*r + 2*o, 0 = 3*r + 2*o - 72. What are the prime factors of r?
2, 3
Suppose -3*l = -h - 9, l + 0*h - 3 = 2*h. What are the prime factors of l?
3
Suppose 3*o + 2 = 8. Suppose 5*s + 15 = -o*q, 0 = s + 3 - 0. Suppose -3*g + q*g = -12. What are the prime factors of g?
2
Suppose -4 = 4*r + 3*m - 5*m, -4*r = 4*m + 16. Let w(n) = n**3 + 4*n**2 - 8*n - 4. Let l be w(-5). Let t = r + l. List the prime factors of t.
3
Let g(u) be the second derivative of u**3/3 - 3*u**2/2 + u. List the prime factors of g(5).
7
Suppose -4*j + d + 2*d + 284 = 0, 184 = 3*j + 5*d. List the prime factors of j.
2, 17
Suppose -l = -5 - 0. Suppose -23 = -l*k + 7. What are the prime factors of k?
2, 3
Let a(u) = 2*u + u**3 - 10*u**2 - 13 + u + 7*u. Let x be a(9). Let g = x + 9. List the prime factors of g.
5
Let d be 3/(3 + (-5)/2). Suppose -2*p = -5*w + 36 - 6, -2*p = 4*w - d. List the prime factors of w.
2
Suppose -2*n - 1104 = -6*n. What are the prime factors of n?
2, 3, 23
Let a(o) = o**2 - 6*o - 5. Let y be a(7). Suppose -39 = -2*q + 5*u, 5*q - y*u - 129 = -0*q. List the prime factors of q.
3
Suppose -2*t = -3*t - 1. List the prime factors of (5 - 1) + (-2 - t).
3
Let l(p) = -p**2 + 7*p - 3. Let f be l(5). Let s = f - 0. What are the prime factors of s?
7
What are the prime factors of ((260/5)/(-4))/(-1)?
13
Let h(c) = -c**3 + 3*c + 3 + c + 0 + 2*c**2 - c. List the prime factors of h(3).
3
Let l be -2 + (-2 - (-1)/1). Let c = 4 + l. What are the prime factors of c/(-4) - 132/(-16)?
2
Let y(r) = 3*r**2. Let a = 12 + -10. What are the prime factors of y(a)?
2, 3
Let j(q) = -11*q - 10. List the prime factors of j(-6).
2, 7
Suppose 0 = 3*c - 4*w - 17, 4*c + 3*w = 2*c. Suppose -f = -c*z - 30, 3*f = 2*z - 0*f + 13. Let s = 15 + z. What are the prime factors of s?
2
Let p(f) = f**2 - 9*f + 8. Let t be p(8). What are the prime factors of 22 + (-2 - 0 - t)?
2, 5
Let p(s) = s**3 - 6*s**2 - 2*s - 9. Suppose 0*d - 6 = 3*d, 0 = -5*f - 4*d + 27. What are the prime factors of p(f)?
2, 13
Suppose -230 = -d - 4*d. List the prime factors of d.
2, 23
Let b(j) = -j + 2. Let x be b(-2). Let n be x/(-3)*(-9)/(-6). What are the prime factors of (n - 0/(-3))/(-1)?
2
Suppose -4*f + 0*f = 8. What are the prime factors of f/(-5) - (-492)/20?
5
Suppose 2*f + 1 = 7. Suppose -k - 2*k - f*c + 12 = 0, 2*c = 0. List the prime factors of k.
2
Let p = -32 - -63. List the prime factors of p.
31
Suppose 8*y - 267 = -3*v + 3*y, -4*y = -12. List the prime factors of v.
2, 3, 7
List the prime factors of -3*(-2)/(-12)*-214.
107
Let n = -5 - 2. Let q = n - -9. What are the prime factors of q?
2
Suppose 8*i = -161 + 809. List the prime factors of i.
3
Let p(w) = 5*w**2 + w - 2. What are the prime factors of p(-2)?
2
Let c = 26 - 18. List the prime factors of c.
2
Let y = -1 + 1. Suppose 5*t = -y*w - 3*w + 173, -3*w - 65 = -2*t. What are the prime factors of t?
2, 17
Let w(d) = 13*d + 5. List the prime factors of w(5).
2, 5, 7
What are the prime factors of ((-124)/8 - -3)*(-224)/10?
2, 5, 7
Suppose 4*p - 4*t + t - 1731 = 0, 0 = -3*p - 2*t + 1311. Suppose p = -r - 4*r. List the prime factors of r/(-4) - (-3)/(-4).
3, 7
Let b be (0 + 2)*(2 + 0). Suppose 33 = -b*l + 93. Suppose 3*m + l = 6*m. What are the prime factors of m?
5
What are the prime factors of 2/(2 - 48/26)?
13
Let z(k) = k**2 - 5*k - 5. Let n be z(-5). Suppose -c + n = -3*v + 6*v, 5*c = -5*v + 205. Let s = 55 - c. List the prime factors of s.
2
Let d(m) = m**3 + 6*m**2 - 9*m - 6. What are the prime factors of d(-7)?
2
Let y(d) = -d**2 - d + 10. Let n be y(0). Suppose 12 + 6 = -3*p + 3*f, 5*f = n. What are the prime factors of ((-15)/6)/(2/p)?
5
Let u = 0 - -4. Suppose 2*v - s - 7 = 2*s, 9 = -v + u*s. List the prime factors of v.
11
What are the prime factors of (-5)/2*162/(-15)?
3
Let w be (-3)/1 + 6 + 73. Let b = w + -48. List the prime factors of b.
2, 7
Suppose f = 4*f. Suppose f = 2*j - 5 - 11. Suppose -j - 30 = -5*k - 2*i, 30 = 3*k + 3*i. What are the prime factors of k?
2, 3
Let t = -153 + 238. Suppose -l + 2 = -2. Suppose l*s = -25 + t. What are the prime factors of s?
3, 5
Suppose 14 = -g + 2. Let i be (-135)/(-12) + 3/g. Let x = i - -4. List the prime factors of x.
3, 5
Suppose -h + 0*h = 4*q - 30, -3*h + 30 = -3*q. What are the prime factors of h?
2, 7
Let q = -9 + 14. Let v(w) = w**3 + w**2. Let a be v(-1). Suppose a = -2*g + q*b + 19, 2*g - 2*b + 2 - 12 = 0. What are the prime factors of g?
2
Suppose 5*z - 7 = 63. Let g = z + -6. What are the prime factors of g?
2
Let b(s) = s**2 + 4*s + 6. Suppose 5*h + 4*n = -47, -4*n - 2 = -h + 3. Let k be b(h). Suppose 5*c = 2*z - k, -5*z + 16 = c - 11. List the prime factors of z.
2, 3
Let q(l) = 4*l - 4. Let p be (8 - 1) + 2/(-2). What are the prime factors of q(p)?
2, 5
Let r = -24 + -2. Let k = -11 - r. What are the prime factors of k?
3, 5
Let s(r) = -4 - 6 + 0 - r**2 - 11*r. Suppose -z = j + 14, 0 = 5*j - 0*z - 4*z + 25. What are the prime factors of s(j)?
2
Suppose -4*r = -4*h + 2*h + 26, -4*h - 13 = 5*r. Suppose 0 = h*x + 2*g + g - 123, -33 = -x + g. List the prime factors of x.
37
Let l = 3 - 0. Suppose 3*b + l = 24. What are the prime factors of b?
7
Suppose -785 = -5*s - 4*p - p, -656 = -4*s + 3*p. Suppose 0 = 4*u + 41 - s. List the prime factors of u.
2, 3, 5
Let q = 11 + -8. Suppose -q*c = -5*a + 23, 4*a - 21 = c - a. What are the prime factors of ((-3)/c)/(3/7)?
7
Let w(u) = -2 - 8*u - 11*u**2 - 2 + 10*u**2. Let l be w(-5). Let a = -9 + l. What are the prime factors of a?
2
Suppose 0 = -2*f + 5*s + 482, 0 = -f - 0*s - 5*s + 211. List the prime factors of f.
3, 7, 11
Let t be (-4)/(-2)*1*-1. Let n(q) = -1 + 5*q**2 - 2*q**2 + 2 + q. What are the prime factors of n(t)?
11
Let i(x) = -2*x + 3. Let v be i(5). What are the prime factors of ((-12)/v)/((-6)/(-21))?
2, 3
Let n(z) be the third derivative of -z**7/5040 + z**6/72 - z**5/30 - 2*z**2. Let j(w) be the third derivative of n(w). List the prime factors of j(0).
2, 5
Suppose -3*y - y + 13 = -5*p, 0 = y - 2*p - 1. Suppose -f + 3*f + 10 = 0. Let l = y + f. List the prime factors of l.
2
Let g(k) = -5 + 4 + 2 - 8*k. Let l be g(-1). Let c = -4 + l. List the prime factors of c.
5
Suppose -5*q = -4*l - 4, 3*q - 4*l - 4 + 0 = 0. Suppose 3*y - 31 + 4 = q. What are the prime factors of y?
3
Let i(q) = 3*q**2 + 3*q - 6. Let f be i(6). Suppose -c - 2*c + f = 0. Suppose -d = 4*d - c. What are the prime factors of d?
2
Let d(h) = 5*h**2 + 8. Let k(c) = -4*c**2 + c - 8. Let n(g) = 5*d(g) + 6*k(g). List the prime factors of n(-8).
2
L